t is 2 (base 7) in base 8?
2
What is -1 (base 15) in base 12?
-1
What is -1 (base 16) in base 11?
-1
Convert 31 (base 9) to base 11.
26
113 (base 5) to base 14
25
1 (base 15) to base 12
1
Convert -100 (base 2) to base 5.
-4
Convert -1101 (base 2) to base 12.
-11
What is -3 (base 12) in base 15?
-3
Convert 1100 (base 2) to base 13.
c
Convert -232 (base 5) to base 15.
-47
What is 100 (base 3) in base 9?
10
402 (base 5) to base 4
1212
What is -4 (base 13) in base 9?
-4
Convert -10101 (base 3) to base 4.
-1123
Convert 231 (base 6) to base 7.
160
Convert -45 (base 11) to base 5.
-144
Convert 312 (base 7) to base 4.
2130
Convert bc (base 14) to base 16.
a6
What is -20 (base 12) in base 14?
-1a
-120 (base 3) to base 14
-11
What is -1a (base 11) in base 3?
-210
What is 3 (base 13) in base 6?
3
What is -3 (base 5) in base 16?
-3
Convert 83 (base 11) to base 10.
91
What is 25 (base 10) in base 3?
221
-1 (base 12) to base 4
-1
What is -20 (base 14) in base 2?
-11100
Convert 58 (base 14) to base 12.
66
Convert -1 (base 3) to base 7.
-1
What is -29 (base 16) in base 4?
-221
What is 1 (base 4) in base 11?
1
Convert -18 (base 16) to base 14.
-1a
Convert 12 (base 6) to base 13.
8
Convert -10 (base 3) to base 9.
-3
Convert -24 (base 16) to base 8.
-44
What is -3 (base 4) in base 14?
-3
What is 32 (base 5) in base 8?
21
What is 18 (base 14) in base 3?
211
Convert -10 (base 8) to base 2.
-1000
Convert 22 (base 5) to base 12.
10
What is -34 (base 14) in base 6?
-114
-20 (base 14) to base 13
-22
2 (base 6) to base 15
2
What is 112 (base 4) in base 7?
31
What is -163 (base 12) in base 14?
-119
10 (base 13) to base 9
14
-1010 (base 3) to base 12
-26
1 (base 12) to base 10
1
Convert 3 (base 11) to base 14.
3
What is 92 (base 10) in base 11?
84
Convert -1101 (base 2) to base 8.
-15
61 (base 12) to base 16
49
What is -7 (base 15) in base 5?
-12
What is -21 (base 3) in base 7?
-10
57 (base 9) to base 7
103
What is 5 (base 14) in base 2?
101
Convert 18a (base 11) to base 6.
1003
What is 4 (base 12) in base 5?
4
Convert 34 (base 11) to base 2.
100101
What is 432 (base 5) in base 9?
140
-20 (base 16) to base 2
-100000
5 (base 6) to base 7
5
What is 3 (base 8) in base 15?
3
Convert -1120 (base 3) to base 2.
-101010
6 (base 8) to base 5
11
-16 (base 8) to base 2
-1110
Convert 30 (base 6) to base 10.
18
Convert 10 (base 3) to base 8.
3
-3 (base 14) to base 10
-3
What is -501 (base 8) in base 11?
-272
What is 15 (base 6) in base 7?
14
Convert -21 (base 5) to base 2.
-1011
What is -1 (base 11) in base 13?
-1
What is -4 (base 6) in base 3?
-11
243 (base 7) to base 6
333
7 (base 8) to base 9
7
53 (base 7) to base 14
2a
Convert -10 (base 3) to base 5.
-3
What is 4 (base 15) in base 9?
4
Convert -10 (base 4) to base 9.
-4
Convert -3 (base 5) to base 7.
-3
What is 35 (base 13) in base 9?
48
73 (base 13) to base 7
163
-12 (base 5) to base 10
-7
-363 (base 7) to base 9
-233
-144 (base 5) to base 2
-110001
Convert -2 (base 4) to base 2.
-10
Convert 30 (base 9) to base 13.
21
Convert -1 (base 9) to base 5.
-1
Convert -7 (base 12) to base 7.
-10
Convert -9 (base 12) to base 7.
-12
Convert 18 (base 14) to base 12.
1a
What is 35 (base 12) in base 15?
2b
Convert -107 (base 10) to base 15.
-72
Convert -8 (base 15) to base 4.
-20
Convert 34 (base 7) to base 16.
19
What is -a (base 15) in base 2?
-1010
Convert 403 (base 6) to base 2.
10010011
Convert 223 (base 5) to base 8.
77
What is 18 (base 16) in base 9?
26
Convert 1 (base 6) to base 2.
1
What is -210 (base 3) in base 15?
-16
10 (base 7) to base 5
12
1110 (base 2) to base 13
11
What is -75 (base 13) in base 15?
-66
Convert 1e (base 16) to base 10.
30
Convert 3 (base 12) to base 4.
3
What is 0 (base 11) in base 6?
0
Convert -6e (base 16) to base 11.
-a0
10000 (base 2) to base 8
20
-4 (base 7) to base 11
-4
-1111 (base 2) to base 8
-17
11 (base 8) to base 7
12
4b (base 12) to base 2
111011
What is 9 (base 11) in base 5?
14
What is 58 (base 15) in base 13?
65
-142 (base 8) to base 14
-70
What is 20 (base 8) in base 9?
17
What is e5 (base 15) in base 6?
555
17a (base 16) to base 14
1d0
Convert 3 (base 8) to base 5.
3
Convert 184 (base 11) to base 7.
423
100 (base 5) to base 11
23
Convert 100111 (base 2) to base 11.
36
3 (base 16) to base 11
3
What is 3 (base 16) in base 7?
3
Convert 0 (base 4) to base 8.
0
-122 (base 4) to base 13
-20
What is -2 (base 10) in base 6?
-2
What is 12 (base 11) in base 15?
d
What is -110 (base 3) in base 8?
-14
Convert -1000 (base 2) to base 7.
-11
What is -12 (base 11) in base 2?
-1101
1000101 (base 2) to base 7
126
What is 69 (base 11) in base 9?
83
39 (base 13) to base 16
30
10 (base 6) to base 13
6
-33 (base 12) to base 11
-36
101 (base 5) to base 3
222
What is -6 (base 7) in base 12?
-6
111 (base 2) to base 7
10
-2 (base 15) to base 11
-2
What is 38 (base 15) in base 11?
49
Convert -10010 (base 2) to base 4.
-102
What is -3 (base 14) in base 7?
-3
-16 (base 14) to base 11
-19
231 (base 4) to base 9
50
3 (base 5) to base 11
3
-11 (base 3) to base 15
-4
What is 4 (base 10) in base 12?
4
What is 14 (base 5) in base 3?
100
What is a (base 12) in base 11?
a
Convert 1002 (base 3) to base 8.
35
What is -4 (base 16) in base 12?
-4
-6 (base 10) to base 7
-6
Convert 1 (base 8) to base 5.
1
What is 106 (base 8) in base 11?
64
What is 1 (base 5) in base 12?
1
What is -20 (base 7) in base 15?
-e
Convert -141 (base 7) to base 5.
-303
5 (base 16) to base 5
10
Convert 10 (base 9) to base 7.
12
Convert -3 (base 16) to base 12.
-3
40 (base 15) to base 9
66
Convert -10 (base 2) to base 6.
-2
Convert -26 (base 15) to base 7.
-51
-83 (base 14) to base 6
-311
What is -5 (base 6) in base 12?
-5
What is 4 (base 15) in base 6?
4
What is -20 (base 16) in base 6?
-52
What is 27 (base 14) in base 4?
203
What is -112 (base 4) in base 12?
-1a
Convert -132 (base 4) to base 13.
-24
Convert -101 (base 2) to base 4.
-11
Convert -2 (base 3) to base 10.
-2
What is 23 (base 4) in base 7?
14
47 (base 8) to base 3
1110
What is 4 (base 7) in base 10?
4
What is -1 (base 7) in base 4?
-1
Convert 14 (base 6) to base 10.
10
10010011 (base 2) to base 5
1042
131 (base 4) to base 11
27
2 (base 12) to base 16
2
What is -15 (base 9) in base 14?
-10
Convert -12 (base 4) to base 10.
-6
-4 (base 13) to base 11
-4
-2 (base 7) to base 5
-2
Convert -41 (base 6) to base 16.
-19
20 (base 6) to base 16
c
Convert -a (base 13) to base 3.
-101
What is -140 (base 5) in base 2?
-101101
What is 12 (base 3) in base 9?
5
Convert 4c (base 13) to base 4.
1000
What is 4 (base 11) in base 2?
100
-10 (base 2) to base 15
-2
Convert 3120 (base 5) to base 14.
214
What is -212 (base 9) in base 8?
-255
Convert -111 (base 2) to base 13.
-7
What is 11 (base 4) in base 8?
5
Convert 264 (base 7) to base 6.
400
What is 11 (base 3) in base 5?
4
6 (base 13) to base 8
6
Convert 3 (base 11) to base 16.
3
What is 3 (base 4) in base 8?
3
What is -24 (base 12) in base 3?
-1001
Convert 1 (base 7) to base 4.
1
What is -2 (base 16) in base 7?
-2
Convert 630 (base 7) to base 3.
102200
-30 (base 15) to base 2
-101101
What is 78 (base 9) in base 5?
241
41 (base 10) to base 8
51
What is 3e (base 15) in base 5?
214
Convert -3 (base 11) to base 8.
-3
What is -1 (base 12) in base 14?
-1
-3 (base 6) to base 13
-3
What is -100 (base 2) in base 10?
-4
-1 (base 14) to base 16
-1
-72 (base 9) to base 13
-50
What is -1b (base 15) in base 2?
-11010
Convert 5 (base 8) to base 4.
11
Convert 10 (base 2) to base 7.
2
-3 (base 6) to base 9
-3
Convert -29 (base 12) to base 13.
-27
What is -202 (base 10) in base 12?
-14a
What is -314 (base 9) in base 6?
-1104
What is 43 (base 8) in base 10?
35
Convert 13 (base 6) to base 7.
12
What is 232 (base 4) in base 3?
1201
Convert 57 (base 8) to base 13.
38
6 (base 16) to base 10
6
What is 32 (base 9) in base 16?
1d
0 (base 7) to base 16
0
1 (base 10) to base 3
1
Convert 9 (base 14) to base 10.
9
10 (base 6) to base 9
6
-1a (base 12) to base 3
-211
What is -109 (base 11) in base 8?
-202
Convert 24 (base 7) to base 3.
200
What is -31 (base 10) in base 16?
-1f
5 (base 10) to base 13
5
Convert 2 (base 15) to base 7.
2
5 (base 8) to base 3
12
-6 (base 8) to base 13
-6
7 (base 16) to base 6
11
What is -110 (base 4) in base 3?
-202
-6 (base 13) to base 6
-10
What is -20 (base 3) i